{"id":298,"date":"2025-05-14T18:52:39","date_gmt":"2025-05-14T16:52:39","guid":{"rendered":"https:\/\/marimoilanen.fi\/?page_id=298"},"modified":"2025-11-04T13:16:49","modified_gmt":"2025-11-04T11:16:49","slug":"parisuhdevalmennus","status":"publish","type":"page","link":"https:\/\/marimoilanen.fi\/index.php\/parisuhdevalmennus\/","title":{"rendered":"Parisuhdevalmennus"},"content":{"rendered":"\n<div class=\"wp-block-columns is-layout-flex wp-container-core-columns-is-layout-9d6595d7 wp-block-columns-is-layout-flex\">\n<div class=\"wp-block-column is-layout-flow wp-block-column-is-layout-flow\">\n<p>Onko teill\u00e4 suhteessanne ongelmia, joita ette saa itse ratkottua?<\/p>\n\n\n\n<p>Oletteko tyytym\u00e4tt\u00f6mi\u00e4 parisuhteeseenne?<\/p>\n\n\n\n<p>Tuntuuko parisuhde vaikealta?<\/p>\n\n\n\n<p>Onko yhteys v\u00e4lilt\u00e4nne kadonnut, tuntuuko kumppani et\u00e4iselt\u00e4?<\/p>\n\n\n\n<p>Onko teid\u00e4n vaikea keskustella asioista tai johtavatko keskusteluyrityksenne usein riitoihin?<\/p>\n\n\n\n<p>Onko teid\u00e4n vaikea sanoittaa omia tunteitanne, tarpeitanne ja toiveitanne toisillenne?<\/p>\n\n\n\n<p>Onko l\u00e4heisyys ja seksuaalisuus kadonnut v\u00e4lilt\u00e4nne?<\/p>\n\n\n\n<p>Pohditteko pit\u00e4isik\u00f6 erota vai ei?<\/p>\n\n\n\n<p>Vai haluatteko vain vahvistaa ja syvent\u00e4\u00e4 suhdettanne parantamalla avoimuuttanne ja kommunikaatiotanne?<\/p>\n\n\n\n<p>Mik\u00e4li vastasit joihinkin kysymyksist\u00e4 kyll\u00e4, on parisuhdevalmennus juuri teit\u00e4 varten!\u00a0<\/p>\n\n\n\n<p>Tapaamisia voidaan sopia teille yhdess\u00e4 tai kummallekin erikseen.<\/p>\n<\/div>\n\n\n\n<div class=\"wp-block-column is-layout-flow wp-block-column-is-layout-flow\">\n<figure class=\"wp-block-image size-large\"><img fetchpriority=\"high\" decoding=\"async\" width=\"768\" height=\"1024\" src=\"https:\/\/marimoilanen.fi\/wp-content\/uploads\/2025\/05\/Parisuhdevalmennus-768x1024.jpg\" alt=\"\" class=\"wp-image-300\" srcset=\"https:\/\/marimoilanen.fi\/wp-content\/uploads\/2025\/05\/Parisuhdevalmennus-768x1024.jpg 768w, https:\/\/marimoilanen.fi\/wp-content\/uploads\/2025\/05\/Parisuhdevalmennus-225x300.jpg 225w, https:\/\/marimoilanen.fi\/wp-content\/uploads\/2025\/05\/Parisuhdevalmennus-1152x1536.jpg 1152w, https:\/\/marimoilanen.fi\/wp-content\/uploads\/2025\/05\/Parisuhdevalmennus.jpg 1200w\" sizes=\"(max-width: 768px) 100vw, 768px\" \/><\/figure>\n<\/div>\n<\/div>\n\n\n\n<p>Valmennuksessani p\u00e4\u00e4paino on avoimuuden lis\u00e4\u00e4ntymisess\u00e4 ja kommunikaation parantumisessa, koska n\u00e4m\u00e4 vaikuttavat aivan kaikkeen suhteessa (esim. l\u00e4heisyyteen ja seksuaalisuuteen).&nbsp;<\/p>\n\n\n\n<p>Valmennuksessa saatte molemmat tasavertaisen mahdollisuuden tulla kuulluksi ja ilmaista omia tunteitanne, tarpeitanne ja toiveitanne. Valmennus auttaa teit\u00e4 ymm\u00e4rt\u00e4m\u00e4\u00e4n toisianne paremmin ja n\u00e4kem\u00e4\u00e4n asiat my\u00f6s kumppanin n\u00e4k\u00f6kulmasta. Saatte uusia oivalluksia itsest\u00e4nne, kumppanistanne ja suhteestanne ja vahvistusta sille, haluatteko jatkaa yhdess\u00e4 tai erikseen. Ulkopuolisen ammattilaisen avulla asioista on helpompi keskustella ja etsi\u00e4 ratkaisuja.&nbsp;<\/p>\n\n\n\n<p>Teill\u00e4 ei tarvitse v\u00e4ltt\u00e4m\u00e4tt\u00e4 olla ongelmia tullaksenne valmennukseen. Suhdetta on hyv\u00e4 huoltaa silloinkin kun kaikki on hyvin. Valmennuksella voitte my\u00f6s ehk\u00e4ist\u00e4 ongelmien syntymist\u00e4 ja jopa v\u00e4ltt\u00e4\u00e4 isommat kriisit ja eron.<\/p>\n\n\n\n<p>Valmennukseen voit tulla yksinkin pohtimaan parisuhteesi tilaa, mutta mik\u00e4li haluatte ratkoa suhteenne ongelmia tai parantaa suhdettanne, suosittelen ett\u00e4 osallistutte molemmat valmennukseen. Yksin ei kukaan voi suhdetta pystyss\u00e4 pit\u00e4\u00e4 tai ongelmia ratkoa, vaan siihen tarvitaan molempien panosta ja tahtoa.<\/p>\n\n\n\n<p>Rakennan valmennuksen aina yksil\u00f6llisesti jokaisen parin tarpeiden pohjalta.&nbsp;<\/p>\n\n\n\n<p>Annan my\u00f6s jokaisen tapaamisen j\u00e4lkeen kotiteht\u00e4vi\u00e4 teille teht\u00e4v\u00e4ksi joko yhdess\u00e4 tai erikseen, jotta saatte ty\u00f6stetty\u00e4 asioita aktiivisesti my\u00f6s tapaamisten v\u00e4lill\u00e4.&nbsp;<\/p>\n\n\n\n<p>Parhaassa tapauksessa l\u00f6yd\u00e4tte kadotetun yhteyden ja toistenne luokse uudelleen, opitte n\u00e4kem\u00e4\u00e4n toisenne uudella tavalla ja rakkautenne kasvaa. P\u00e4\u00e4t\u00e4tte sitten jatkaa yhdess\u00e4 tai erikseen, olette joka tapauksessa saaneet k\u00e4yty\u00e4 asioita yhdess\u00e4 rakentavasti l\u00e4pi mist\u00e4 on hy\u00f6ty\u00e4 kummassakin tilanteessa.<\/p>\n\n\n\n<p>T\u00e4rke\u00e4\u00e4 on, ett\u00e4 olette molemmat sitoutuneita valmennukseen ja haluatte rakentavassa hengess\u00e4 ty\u00f6skennell\u00e4 suhteenne eteen.<\/p>\n\n\n\n<p>Valmennus toteutetaan et\u00e4n\u00e4 videoyhteydell\u00e4. <\/p>\n\n\n\n<p>Tapaamisten hinnat:<br>Pariskunnalle 120 euroa \/ 90 min<br>Yksin 80 euroa \/ 60 min<\/p>\n\n\n\n<p>Valmennustapaamisten kokonaism\u00e4\u00e4r\u00e4 riippuu paljon tilanteestanne. Tapaamiset olisi hyv\u00e4 olla 1-2 viikon v\u00e4lein, jotta prosessi pysyy aktiivisena.<\/p>\n\n\n\n<p>Ota rohkeasti yhteytt\u00e4 ja kysy lis\u00e4\u00e4: <a href=\"mailto:mari@marimoilanen.fi\">mari@marimoilanen.fi<\/a><\/p>\n\n\n\n<p><\/p>\n","protected":false},"excerpt":{"rendered":"<p>Onko teill\u00e4 suhteessanne ongelmia, joita ette saa itse ratkottua? Oletteko tyytym\u00e4tt\u00f6mi\u00e4 parisuhteeseenne? Tuntuuko parisuhde vaikealta? Onko yhteys v\u00e4lilt\u00e4nne kadonnut, tuntuuko kumppani et\u00e4iselt\u00e4? Onko teid\u00e4n vaikea keskustella asioista tai johtavatko keskusteluyrityksenne &hellip; <\/p>\n","protected":false},"author":1,"featured_media":0,"parent":0,"menu_order":0,"comment_status":"closed","ping_status":"closed","template":"","meta":{"footnotes":""},"class_list":["post-298","page","type-page","status-publish","hentry","has-meta has-sticky-meta"],"yoast_head":"<!-- This site is optimized with the Yoast SEO plugin v27.5 - https:\/\/yoast.com\/product\/yoast-seo-wordpress\/ -->\n<title>Parisuhdevalmennus - Mari Moilanen<\/title>\n<meta name=\"robots\" content=\"index, follow, max-snippet:-1, max-image-preview:large, max-video-preview:-1\" \/>\n<link rel=\"canonical\" href=\"https:\/\/marimoilanen.fi\/index.php\/parisuhdevalmennus\/\" \/>\n<meta property=\"og:locale\" content=\"fi_FI\" \/>\n<meta property=\"og:type\" content=\"article\" \/>\n<meta property=\"og:title\" content=\"Parisuhdevalmennus - Mari Moilanen\" \/>\n<meta property=\"og:description\" content=\"Onko teill\u00e4 suhteessanne ongelmia, joita ette saa itse ratkottua? Oletteko tyytym\u00e4tt\u00f6mi\u00e4 parisuhteeseenne? Tuntuuko parisuhde vaikealta? Onko yhteys v\u00e4lilt\u00e4nne kadonnut, tuntuuko kumppani et\u00e4iselt\u00e4? Onko teid\u00e4n vaikea keskustella asioista tai johtavatko keskusteluyrityksenne &hellip;\" \/>\n<meta property=\"og:url\" content=\"https:\/\/marimoilanen.fi\/index.php\/parisuhdevalmennus\/\" \/>\n<meta property=\"og:site_name\" content=\"Mari Moilanen\" \/>\n<meta property=\"article:modified_time\" content=\"2025-11-04T11:16:49+00:00\" \/>\n<meta property=\"og:image\" content=\"https:\/\/marimoilanen.fi\/wp-content\/uploads\/2025\/05\/Parisuhdevalmennus.jpg\" \/>\n\t<meta property=\"og:image:width\" content=\"1200\" \/>\n\t<meta property=\"og:image:height\" content=\"1600\" \/>\n\t<meta property=\"og:image:type\" content=\"image\/jpeg\" \/>\n<meta name=\"twitter:card\" content=\"summary_large_image\" \/>\n<meta name=\"twitter:label1\" content=\"Arvioitu lukuaika\" \/>\n\t<meta name=\"twitter:data1\" content=\"3 minuuttia\" \/>\n<script type=\"application\/ld+json\" class=\"yoast-schema-graph\">{\"@context\":\"https:\\\/\\\/schema.org\",\"@graph\":[{\"@type\":\"WebPage\",\"@id\":\"https:\\\/\\\/marimoilanen.fi\\\/index.php\\\/parisuhdevalmennus\\\/\",\"url\":\"https:\\\/\\\/marimoilanen.fi\\\/index.php\\\/parisuhdevalmennus\\\/\",\"name\":\"Parisuhdevalmennus - Mari Moilanen\",\"isPartOf\":{\"@id\":\"https:\\\/\\\/marimoilanen.fi\\\/#website\"},\"primaryImageOfPage\":{\"@id\":\"https:\\\/\\\/marimoilanen.fi\\\/index.php\\\/parisuhdevalmennus\\\/#primaryimage\"},\"image\":{\"@id\":\"https:\\\/\\\/marimoilanen.fi\\\/index.php\\\/parisuhdevalmennus\\\/#primaryimage\"},\"thumbnailUrl\":\"https:\\\/\\\/marimoilanen.fi\\\/wp-content\\\/uploads\\\/2025\\\/05\\\/Parisuhdevalmennus-768x1024.jpg\",\"datePublished\":\"2025-05-14T16:52:39+00:00\",\"dateModified\":\"2025-11-04T11:16:49+00:00\",\"breadcrumb\":{\"@id\":\"https:\\\/\\\/marimoilanen.fi\\\/index.php\\\/parisuhdevalmennus\\\/#breadcrumb\"},\"inLanguage\":\"fi\",\"potentialAction\":[{\"@type\":\"ReadAction\",\"target\":[\"https:\\\/\\\/marimoilanen.fi\\\/index.php\\\/parisuhdevalmennus\\\/\"]}]},{\"@type\":\"ImageObject\",\"inLanguage\":\"fi\",\"@id\":\"https:\\\/\\\/marimoilanen.fi\\\/index.php\\\/parisuhdevalmennus\\\/#primaryimage\",\"url\":\"https:\\\/\\\/marimoilanen.fi\\\/wp-content\\\/uploads\\\/2025\\\/05\\\/Parisuhdevalmennus.jpg\",\"contentUrl\":\"https:\\\/\\\/marimoilanen.fi\\\/wp-content\\\/uploads\\\/2025\\\/05\\\/Parisuhdevalmennus.jpg\",\"width\":1200,\"height\":1600},{\"@type\":\"BreadcrumbList\",\"@id\":\"https:\\\/\\\/marimoilanen.fi\\\/index.php\\\/parisuhdevalmennus\\\/#breadcrumb\",\"itemListElement\":[{\"@type\":\"ListItem\",\"position\":1,\"name\":\"Etusivu\",\"item\":\"https:\\\/\\\/marimoilanen.fi\\\/\"},{\"@type\":\"ListItem\",\"position\":2,\"name\":\"Parisuhdevalmennus\"}]},{\"@type\":\"WebSite\",\"@id\":\"https:\\\/\\\/marimoilanen.fi\\\/#website\",\"url\":\"https:\\\/\\\/marimoilanen.fi\\\/\",\"name\":\"Mari Moilanen\",\"description\":\"&Auml;l&auml; j&auml;&auml; erokriisin kanssa yksin.\",\"potentialAction\":[{\"@type\":\"SearchAction\",\"target\":{\"@type\":\"EntryPoint\",\"urlTemplate\":\"https:\\\/\\\/marimoilanen.fi\\\/?s={search_term_string}\"},\"query-input\":{\"@type\":\"PropertyValueSpecification\",\"valueRequired\":true,\"valueName\":\"search_term_string\"}}],\"inLanguage\":\"fi\"}]}<\/script>\n<!-- \/ Yoast SEO plugin. -->","yoast_head_json":{"title":"Parisuhdevalmennus - Mari Moilanen","robots":{"index":"index","follow":"follow","max-snippet":"max-snippet:-1","max-image-preview":"max-image-preview:large","max-video-preview":"max-video-preview:-1"},"canonical":"https:\/\/marimoilanen.fi\/index.php\/parisuhdevalmennus\/","og_locale":"fi_FI","og_type":"article","og_title":"Parisuhdevalmennus - Mari Moilanen","og_description":"Onko teill\u00e4 suhteessanne ongelmia, joita ette saa itse ratkottua? Oletteko tyytym\u00e4tt\u00f6mi\u00e4 parisuhteeseenne? Tuntuuko parisuhde vaikealta? Onko yhteys v\u00e4lilt\u00e4nne kadonnut, tuntuuko kumppani et\u00e4iselt\u00e4? Onko teid\u00e4n vaikea keskustella asioista tai johtavatko keskusteluyrityksenne &hellip;","og_url":"https:\/\/marimoilanen.fi\/index.php\/parisuhdevalmennus\/","og_site_name":"Mari Moilanen","article_modified_time":"2025-11-04T11:16:49+00:00","og_image":[{"width":1200,"height":1600,"url":"https:\/\/marimoilanen.fi\/wp-content\/uploads\/2025\/05\/Parisuhdevalmennus.jpg","type":"image\/jpeg"}],"twitter_card":"summary_large_image","twitter_misc":{"Arvioitu lukuaika":"3 minuuttia"},"schema":{"@context":"https:\/\/schema.org","@graph":[{"@type":"WebPage","@id":"https:\/\/marimoilanen.fi\/index.php\/parisuhdevalmennus\/","url":"https:\/\/marimoilanen.fi\/index.php\/parisuhdevalmennus\/","name":"Parisuhdevalmennus - Mari Moilanen","isPartOf":{"@id":"https:\/\/marimoilanen.fi\/#website"},"primaryImageOfPage":{"@id":"https:\/\/marimoilanen.fi\/index.php\/parisuhdevalmennus\/#primaryimage"},"image":{"@id":"https:\/\/marimoilanen.fi\/index.php\/parisuhdevalmennus\/#primaryimage"},"thumbnailUrl":"https:\/\/marimoilanen.fi\/wp-content\/uploads\/2025\/05\/Parisuhdevalmennus-768x1024.jpg","datePublished":"2025-05-14T16:52:39+00:00","dateModified":"2025-11-04T11:16:49+00:00","breadcrumb":{"@id":"https:\/\/marimoilanen.fi\/index.php\/parisuhdevalmennus\/#breadcrumb"},"inLanguage":"fi","potentialAction":[{"@type":"ReadAction","target":["https:\/\/marimoilanen.fi\/index.php\/parisuhdevalmennus\/"]}]},{"@type":"ImageObject","inLanguage":"fi","@id":"https:\/\/marimoilanen.fi\/index.php\/parisuhdevalmennus\/#primaryimage","url":"https:\/\/marimoilanen.fi\/wp-content\/uploads\/2025\/05\/Parisuhdevalmennus.jpg","contentUrl":"https:\/\/marimoilanen.fi\/wp-content\/uploads\/2025\/05\/Parisuhdevalmennus.jpg","width":1200,"height":1600},{"@type":"BreadcrumbList","@id":"https:\/\/marimoilanen.fi\/index.php\/parisuhdevalmennus\/#breadcrumb","itemListElement":[{"@type":"ListItem","position":1,"name":"Etusivu","item":"https:\/\/marimoilanen.fi\/"},{"@type":"ListItem","position":2,"name":"Parisuhdevalmennus"}]},{"@type":"WebSite","@id":"https:\/\/marimoilanen.fi\/#website","url":"https:\/\/marimoilanen.fi\/","name":"Mari Moilanen","description":"&Auml;l&auml; j&auml;&auml; erokriisin kanssa yksin.","potentialAction":[{"@type":"SearchAction","target":{"@type":"EntryPoint","urlTemplate":"https:\/\/marimoilanen.fi\/?s={search_term_string}"},"query-input":{"@type":"PropertyValueSpecification","valueRequired":true,"valueName":"search_term_string"}}],"inLanguage":"fi"}]}},"jetpack_sharing_enabled":true,"_links":{"self":[{"href":"https:\/\/marimoilanen.fi\/index.php\/wp-json\/wp\/v2\/pages\/298","targetHints":{"allow":["GET"]}}],"collection":[{"href":"https:\/\/marimoilanen.fi\/index.php\/wp-json\/wp\/v2\/pages"}],"about":[{"href":"https:\/\/marimoilanen.fi\/index.php\/wp-json\/wp\/v2\/types\/page"}],"author":[{"embeddable":true,"href":"https:\/\/marimoilanen.fi\/index.php\/wp-json\/wp\/v2\/users\/1"}],"replies":[{"embeddable":true,"href":"https:\/\/marimoilanen.fi\/index.php\/wp-json\/wp\/v2\/comments?post=298"}],"version-history":[{"count":12,"href":"https:\/\/marimoilanen.fi\/index.php\/wp-json\/wp\/v2\/pages\/298\/revisions"}],"predecessor-version":[{"id":369,"href":"https:\/\/marimoilanen.fi\/index.php\/wp-json\/wp\/v2\/pages\/298\/revisions\/369"}],"wp:attachment":[{"href":"https:\/\/marimoilanen.fi\/index.php\/wp-json\/wp\/v2\/media?parent=298"}],"curies":[{"name":"wp","href":"https:\/\/api.w.org\/{rel}","templated":true}]}}