{"id":13,"date":"2023-11-08T18:27:25","date_gmt":"2023-11-08T16:27:25","guid":{"rendered":"https:\/\/marimoilanen.fi\/?page_id=13"},"modified":"2026-04-09T19:03:39","modified_gmt":"2026-04-09T17:03:39","slug":"kuka-olen","status":"publish","type":"page","link":"https:\/\/marimoilanen.fi\/index.php\/kuka-olen\/","title":{"rendered":"Kuka olen?"},"content":{"rendered":"\n<div class=\"wp-block-columns is-layout-flex wp-container-core-columns-is-layout-9d6595d7 wp-block-columns-is-layout-flex\">\n<div class=\"wp-block-column is-layout-flow wp-block-column-is-layout-flow\">\n<figure class=\"wp-block-image size-full\"><img fetchpriority=\"high\" decoding=\"async\" width=\"554\" height=\"858\" src=\"https:\/\/marimoilanen.fi\/wp-content\/uploads\/2026\/04\/Kuka-olen.jpg\" alt=\"\" class=\"wp-image-447\" srcset=\"https:\/\/marimoilanen.fi\/wp-content\/uploads\/2026\/04\/Kuka-olen.jpg 554w, https:\/\/marimoilanen.fi\/wp-content\/uploads\/2026\/04\/Kuka-olen-194x300.jpg 194w\" sizes=\"(max-width: 554px) 100vw, 554px\" \/><\/figure>\n<\/div>\n\n\n\n<div class=\"wp-block-column is-layout-flow wp-block-column-is-layout-flow\">\n<p>Ihana tutustua!<\/p>\n\n\n\n<p>Olen Mari, erovalmentaja, parisuhdevalmentaja, Suomalaisen eroseminaarin ohjaaja ja tunnelukkoterapeutti Helsingist\u00e4.<br><br>Olen my\u00f6s kolmen pojan \u00e4iti, joka rakastaa kes\u00e4\u00e4 ja matkustelua ja ker\u00e4ilee uusia kokemuksia. Perheeseemme kuuluu my\u00f6s Thaimaasta adoptoitu rescue-koira Joe. Pitk\u00e4n sinkku\u00e4itiyden j\u00e4lkeen olen nyt parisuhteessa, mutta edelleen py\u00f6rit\u00e4n arkea lasten kanssa yksin.<\/p>\n\n\n\n<p>Alkuper\u00e4iselt\u00e4 koulutukseltani olen tradenomi (2006). Ihmismieli ja ihmissuhteet ovat kuitenkin aina kiehtoneet minua ja ahmin jo lukiossa kaikki psykologian kurssit. Eron j\u00e4lkeen kaipasin muutosta ja uudenlaista merkityst\u00e4 el\u00e4m\u00e4\u00e4ni my\u00f6s ty\u00f6ni puolesta. Niinp\u00e4 aloin uudelleenkouluttautua ja p\u00e4\u00e4dyin vaihtamaan alaa, jonka johdosta l\u00f6ysin vihdoin itselleni ty\u00f6n joka todella tuntuu omalta ja josta aidosti nautin.<\/p>\n\n\n\n<p>Nykyiselt\u00e4 koulutukseltani olen ratkaisukeskeinen valmentaja \/ LCF Life Coach (2018). Olen opiskellut my\u00f6s NLP Practitioneriksi (2022), suorittanut tunnelukkoterapian koulutusohjelman (2022) ja Suomalaisen eroseminaarin menetelm\u00e4koulutuksen (2022). N\u00e4iden lis\u00e4ksi olen k\u00e4ynyt lukuisia muita kursseja ja kehit\u00e4n osaamistani jatkuvasti. Rakastan oppia uutta ja haluan koko ajan ymm\u00e4rt\u00e4\u00e4 enemm\u00e4n ihmismielt\u00e4 ja suhteita.<\/p>\n<\/div>\n<\/div>\n\n\n\n<p>Olen yhdist\u00e4nyt kaikkea oppimaani ja erikoistunut auttamaan eronneita ihmisi\u00e4 erosta ehj\u00e4ksi ja eteenp\u00e4in. Autan my\u00f6s eropohdinnoissa sek\u00e4 vahvistamaan yhteytt\u00e4 ja avoimuutta suhteessa jotta erolta v\u00e4ltytt\u00e4isiin. Lis\u00e4ksi palveluihini kuuluu tunnelukkoty\u00f6skentely\u00e4, jolla on merkitt\u00e4v\u00e4 vaikutus el\u00e4m\u00e4\u00e4mme ja suhteisiimme.<\/p>\n\n\n\n<p>Erosin itse lasteni is\u00e4st\u00e4 15 yhteisen vuoden j\u00e4lkeen syksyll\u00e4 2017. Tied\u00e4n hyvin, mit\u00e4 kaikkea eron hetkell\u00e4 joutuu k\u00e4ym\u00e4\u00e4n l\u00e4pi aina tunteiden vuoristoradasta k\u00e4yt\u00e4nn\u00f6n asioihin.<\/p>\n\n\n\n<p>Eroni j\u00e4lkeen viihdyin 7 vuotta sinkkuna, omasta tahdostani. Min\u00e4, entinen l\u00e4heisriippuvainen ja parisuhdeihminen joka pelk\u00e4si aiemmin eroa ja yksin olemista suunnattomasti. Sinkkuvuodet olivat minulle todella voimaannuttavia, l\u00f6ysin itseni ja minusta kasvoi itsen\u00e4inen ja vahva.<\/p>\n\n\n\n<p>T\u00e4m\u00e4n saman tunteen haluan auttaa sinuakin l\u00f6yt\u00e4m\u00e4\u00e4n. Ei niin, ettetk\u00f6 saisi toivoa uutta parisuhdetta, mutta haluan ett\u00e4 sen aikaa mink\u00e4 sinkkuna viet\u00e4t, pystyt nauttimaan siit\u00e4 ja k\u00e4ytt\u00e4m\u00e4\u00e4n tuon ajan vahvistuen ja oppien tuntemaan itsesi paremmin. Kun opit olemaan yksin ja tekem\u00e4\u00e4n itse itsesi onnelliseksi, se takaa kest\u00e4v\u00e4mm\u00e4n ja terveemm\u00e4n pohjan mahdolliselle tulevalle parisuhteellekin. Tuolloin parisuhde ei rakennu huutavan tarpeen tai yksinolon pelon perustalle, vaan on ihana lis\u00e4 muutenkin ihanaan el\u00e4m\u00e4\u00e4si.<\/p>\n\n\n\n<p>Eron lis\u00e4ksi omaa el\u00e4m\u00e4\u00e4ni ovat koetelleet muutkin kriisit ja vaikeat ajanjaksot. Kokemusta l\u00f6ytyy niin nepsyel\u00e4m\u00e4st\u00e4 kuin mielenterveysasioista. N\u00e4m\u00e4 kaikki ovat tehneet minusta vahvan, mutta my\u00f6s hyvin avarakatseisen ihmisen ja vahvuutenani onkin ymm\u00e4rt\u00e4\u00e4 hyvin erilaisia ihmisi\u00e4 ja tilanteita.<\/p>\n\n\n\n<p>Omien el\u00e4m\u00e4nkokemusteni sek\u00e4 opiskeluista saamieni ty\u00f6kalujen avulla pystyn auttamaan juuri sinua omalla matkallasi.<\/p>\n\n\n\n<p>Ihmisen\u00e4 ja valmentajana olen helposti l\u00e4hestytt\u00e4v\u00e4, l\u00e4mminhenkinen, avoin ja empaattinen. Minulla on taito luoda ilmapiiri, jossa jokainen voi turvallisesti olla oma itsens\u00e4 ja uskaltaa avautua aroistakin asioista. Olen saanut paljon positiivista palautetta asiakkailtani edell\u00e4 mainituista asioista ja siit\u00e4, ett\u00e4 olen juuri oikea ihminen tekem\u00e4\u00e4n t\u00e4t\u00e4 ty\u00f6t\u00e4. Teen ty\u00f6t\u00e4 syd\u00e4mell\u00e4ni ja haluan aidosti n\u00e4hd\u00e4 juuri sinun vahvistuvan ja p\u00e4\u00e4sev\u00e4n el\u00e4m\u00e4ss\u00e4si eteenp\u00e4in.<\/p>\n\n\n\n<p>Tutustu palveluihini ja ota rohkeasti yhteytt\u00e4 niin katsotaan miten voin parhaiten sinua auttaa!<\/p>\n\n\n\n<blockquote class=\"wp-block-quote is-layout-flow wp-block-quote-is-layout-flow\">\n<p>&#8221;Mari on valoisa, ihana ihminen! Luotettava, rehellinen ja avoin. Hyv\u00e4 kulkea t\u00e4t\u00e4 matkaa Marin johdolla.&#8221;<\/p>\n<\/blockquote>\n\n\n\n<blockquote class=\"wp-block-quote is-layout-flow wp-block-quote-is-layout-flow\">\n<p>&#8221;Marin tuki ja turva, 110% l\u00e4sn\u00e4olo oli huikeeta. Suosittelen l\u00e4mpim\u00e4sti Maria valmentajana!&#8221;<\/p>\n<\/blockquote>\n\n\n\n<blockquote class=\"wp-block-quote is-layout-flow wp-block-quote-is-layout-flow\">\n<p>&#8221;Mari on valmentajana l\u00e4mmin, empaattinen ja luotettava. Osaa ty\u00f6ns\u00e4 todella taitavasti ja kohtaa asiakkaan l\u00e4mm\u00f6ll\u00e4.&#8221;<\/p>\n<\/blockquote>\n\n\n\n<blockquote class=\"wp-block-quote is-layout-flow wp-block-quote-is-layout-flow\">\n<p>&#8221;Mari on super! Inhimillinen, l\u00e4hestytt\u00e4v\u00e4 ja l\u00e4mmin. Antaa tilaa puheelle, ajatuksille ja tunteille. Parasta oli valmennuksen aikana se tunne, kun Mari nappasi kiinni mahdollisuuksista ja onnistumisista ja vahvisti niit\u00e4, toisin sanoen n\u00e4ytti minulle ett\u00e4 osaan jo. Auttoi minua tekem\u00e4\u00e4n asioita.&#8221;<\/p>\n<\/blockquote>\n\n\n\n<blockquote class=\"wp-block-quote is-layout-flow wp-block-quote-is-layout-flow\">\n<p>&#8221;Valitsin tarkoituksella Marin valmentajaksi. Olin seurannut Maria somessa (IG) noin 1,5 vuotta ja sain jo somesis\u00e4lt\u00f6jen kautta Marista ammattimaisen, l\u00e4mpim\u00e4n ja l\u00e4hestytt\u00e4v\u00e4n kuvan. Mari on tosi hyv\u00e4 ty\u00f6ss\u00e4\u00e4n. Mulle ihmisyydess\u00e4 kiinnostavaa on s\u00e4r\u00f6t: ei t\u00e4ydellisyys vaan se, ett\u00e4 on kokemus pohjalla k\u00e4ymisest\u00e4. Se ett\u00e4 valmentajana on ihminen jolla on samankaltaisia kokemuksia oli mulle tosi t\u00e4rke\u00e4\u00e4. My\u00f6s se rohkeus jolla kerrot omia kokemuksia on ihailtavaa. Ett\u00e4 voi olla tunteiden ty\u00f6skentelyn ammattilainen ja silti kompastua samoihin asioihin kuin muutkin.&#8221;<\/p>\n<\/blockquote>\n\n\n\n<blockquote class=\"wp-block-quote is-layout-flow wp-block-quote-is-layout-flow\">\n<p>&#8221;Mari auttoi olemaan avoin ja analysoimaan omia tunteita ja tilannetta. Marin omat kokemukset toivat h\u00e4net l\u00e4helle, oli tunne ett\u00e4 h\u00e4n koko ajan tiesi mist\u00e4 puhui.&#8221;<\/p>\n<\/blockquote>\n\n\n\n<blockquote class=\"wp-block-quote is-layout-flow wp-block-quote-is-layout-flow\">\n<p>&#8221;Mari on v\u00e4lit\u00f6n, l\u00e4mminhenkinen ja helposti l\u00e4hestytt\u00e4v\u00e4. Avoin ja avarakatseinen ohjaaja jolla on hyv\u00e4\u00e4 omakohtaista kokemusta.&#8221;<\/p>\n<\/blockquote>\n\n\n\n<blockquote class=\"wp-block-quote is-layout-flow wp-block-quote-is-layout-flow\">\n<p>&#8221;Mari on innostava, ymm\u00e4rt\u00e4v\u00e4inen, iloinen, avoin ja asiaan perehtynyt.&#8221;<\/p>\n<\/blockquote>\n\n\n\n<blockquote class=\"wp-block-quote is-layout-flow wp-block-quote-is-layout-flow\">\n<p>&#8221;Mari on todella l\u00e4mmin ja ymm\u00e4rt\u00e4v\u00e4inen ohjaaja. Oman el\u00e4m\u00e4n esimerkit toivoat upeaa inhimillisyytt\u00e4 koko prosessiin. Mari loi eroseminaariin todella avoimen tunnelman.&#8221;<\/p>\n<\/blockquote>\n\n\n\n<blockquote class=\"wp-block-quote is-layout-flow wp-block-quote-is-layout-flow\">\n<p>&#8221;Mari on ihmisl\u00e4heinen, empaattinen ja innostava. Selke\u00e4 ilmaisutapa, ei kuitenkaan liian opettajamainen vaan rento.&#8221;<\/p>\n<\/blockquote>\n\n\n\n<blockquote class=\"wp-block-quote is-layout-flow wp-block-quote-is-layout-flow\">\n<p>&#8221;Valmentajana Mari on todella l\u00e4mmin, empaattinen ja helposti l\u00e4hestytt\u00e4v\u00e4.&#8221;<\/p>\n<\/blockquote>\n\n\n\n<blockquote class=\"wp-block-quote is-layout-flow wp-block-quote-is-layout-flow\">\n<p>&#8221;Mari on l\u00e4mmin, hauska, aito, avoin, ymm\u00e4rt\u00e4v\u00e4inen, oivaltava ja asiallinen.&#8221;<\/p>\n<\/blockquote>\n\n\n\n<blockquote class=\"wp-block-quote is-layout-flow wp-block-quote-is-layout-flow\">\n<p>&#8221;Mari on aito, hersyv\u00e4 ja luonteva vet\u00e4j\u00e4.&#8221;<\/p>\n<\/blockquote>\n\n\n\n<blockquote class=\"wp-block-quote is-layout-flow wp-block-quote-is-layout-flow\">\n<p>&#8221;Mari on tunnollinen, mukava, ammattimainen ja helposti l\u00e4hestytt\u00e4v\u00e4.&#8221;<\/p>\n<\/blockquote>\n\n\n\n<blockquote class=\"wp-block-quote is-layout-flow wp-block-quote-is-layout-flow\">\n<p>&#8221;Mari on suloinen, rauhallinen, j\u00e4rjestelm\u00e4llnen ja eritt\u00e4in hyv\u00e4ksyv\u00e4.&#8221;<\/p>\n<\/blockquote>\n\n\n\n<blockquote class=\"wp-block-quote is-layout-flow wp-block-quote-is-layout-flow\">\n<p>&#8221;Mari on l\u00e4mmin ja hyvin my\u00f6t\u00e4tuntoinen terapeutti. Osasi sanoa oikeat asiat oikeassa kohdassa ja tunsin voivani jakaa el\u00e4m\u00e4ni kipeimpi\u00e4 muistoja h\u00e4nen kanssaan.&#8221;<\/p>\n<\/blockquote>\n","protected":false},"excerpt":{"rendered":"<p>Ihana tutustua! Olen Mari, erovalmentaja, parisuhdevalmentaja, Suomalaisen eroseminaarin ohjaaja ja tunnelukkoterapeutti Helsingist\u00e4. Olen my\u00f6s kolmen pojan \u00e4iti, joka rakastaa kes\u00e4\u00e4 ja matkustelua ja ker\u00e4ilee uusia kokemuksia. Perheeseemme kuuluu my\u00f6s Thaimaasta &hellip; <\/p>\n","protected":false},"author":1,"featured_media":0,"parent":0,"menu_order":0,"comment_status":"closed","ping_status":"closed","template":"","meta":{"footnotes":""},"class_list":["post-13","page","type-page","status-publish","hentry","has-meta has-sticky-meta"],"yoast_head":"<!-- This site is optimized with the Yoast SEO plugin v27.5 - https:\/\/yoast.com\/product\/yoast-seo-wordpress\/ -->\n<title>Kuka olen? - Mari Moilanen<\/title>\n<meta name=\"robots\" content=\"index, follow, max-snippet:-1, max-image-preview:large, max-video-preview:-1\" \/>\n<link rel=\"canonical\" href=\"https:\/\/marimoilanen.fi\/index.php\/kuka-olen\/\" \/>\n<meta property=\"og:locale\" content=\"fi_FI\" \/>\n<meta property=\"og:type\" content=\"article\" \/>\n<meta property=\"og:title\" content=\"Kuka olen? - Mari Moilanen\" \/>\n<meta property=\"og:description\" content=\"Ihana tutustua! Olen Mari, erovalmentaja, parisuhdevalmentaja, Suomalaisen eroseminaarin ohjaaja ja tunnelukkoterapeutti Helsingist\u00e4. Olen my\u00f6s kolmen pojan \u00e4iti, joka rakastaa kes\u00e4\u00e4 ja matkustelua ja ker\u00e4ilee uusia kokemuksia. Perheeseemme kuuluu my\u00f6s Thaimaasta &hellip;\" \/>\n<meta property=\"og:url\" content=\"https:\/\/marimoilanen.fi\/index.php\/kuka-olen\/\" \/>\n<meta property=\"og:site_name\" content=\"Mari Moilanen\" \/>\n<meta property=\"article:modified_time\" content=\"2026-04-09T17:03:39+00:00\" \/>\n<meta property=\"og:image\" content=\"https:\/\/marimoilanen.fi\/wp-content\/uploads\/2026\/04\/Kuka-olen.jpg\" \/>\n\t<meta property=\"og:image:width\" content=\"554\" \/>\n\t<meta property=\"og:image:height\" content=\"858\" \/>\n\t<meta property=\"og:image:type\" content=\"image\/jpeg\" \/>\n<meta name=\"twitter:card\" content=\"summary_large_image\" \/>\n<meta name=\"twitter:label1\" content=\"Arvioitu lukuaika\" \/>\n\t<meta name=\"twitter:data1\" content=\"3 minuuttia\" \/>\n<script type=\"application\/ld+json\" class=\"yoast-schema-graph\">{\"@context\":\"https:\\\/\\\/schema.org\",\"@graph\":[{\"@type\":\"WebPage\",\"@id\":\"https:\\\/\\\/marimoilanen.fi\\\/index.php\\\/kuka-olen\\\/\",\"url\":\"https:\\\/\\\/marimoilanen.fi\\\/index.php\\\/kuka-olen\\\/\",\"name\":\"Kuka olen? - Mari Moilanen\",\"isPartOf\":{\"@id\":\"https:\\\/\\\/marimoilanen.fi\\\/#website\"},\"primaryImageOfPage\":{\"@id\":\"https:\\\/\\\/marimoilanen.fi\\\/index.php\\\/kuka-olen\\\/#primaryimage\"},\"image\":{\"@id\":\"https:\\\/\\\/marimoilanen.fi\\\/index.php\\\/kuka-olen\\\/#primaryimage\"},\"thumbnailUrl\":\"https:\\\/\\\/marimoilanen.fi\\\/wp-content\\\/uploads\\\/2026\\\/04\\\/Kuka-olen.jpg\",\"datePublished\":\"2023-11-08T16:27:25+00:00\",\"dateModified\":\"2026-04-09T17:03:39+00:00\",\"breadcrumb\":{\"@id\":\"https:\\\/\\\/marimoilanen.fi\\\/index.php\\\/kuka-olen\\\/#breadcrumb\"},\"inLanguage\":\"fi\",\"potentialAction\":[{\"@type\":\"ReadAction\",\"target\":[\"https:\\\/\\\/marimoilanen.fi\\\/index.php\\\/kuka-olen\\\/\"]}]},{\"@type\":\"ImageObject\",\"inLanguage\":\"fi\",\"@id\":\"https:\\\/\\\/marimoilanen.fi\\\/index.php\\\/kuka-olen\\\/#primaryimage\",\"url\":\"https:\\\/\\\/marimoilanen.fi\\\/wp-content\\\/uploads\\\/2026\\\/04\\\/Kuka-olen.jpg\",\"contentUrl\":\"https:\\\/\\\/marimoilanen.fi\\\/wp-content\\\/uploads\\\/2026\\\/04\\\/Kuka-olen.jpg\",\"width\":554,\"height\":858},{\"@type\":\"BreadcrumbList\",\"@id\":\"https:\\\/\\\/marimoilanen.fi\\\/index.php\\\/kuka-olen\\\/#breadcrumb\",\"itemListElement\":[{\"@type\":\"ListItem\",\"position\":1,\"name\":\"Etusivu\",\"item\":\"https:\\\/\\\/marimoilanen.fi\\\/\"},{\"@type\":\"ListItem\",\"position\":2,\"name\":\"Kuka olen?\"}]},{\"@type\":\"WebSite\",\"@id\":\"https:\\\/\\\/marimoilanen.fi\\\/#website\",\"url\":\"https:\\\/\\\/marimoilanen.fi\\\/\",\"name\":\"Mari Moilanen\",\"description\":\"&Auml;l&auml; j&auml;&auml; erokriisin kanssa yksin.\",\"potentialAction\":[{\"@type\":\"SearchAction\",\"target\":{\"@type\":\"EntryPoint\",\"urlTemplate\":\"https:\\\/\\\/marimoilanen.fi\\\/?s={search_term_string}\"},\"query-input\":{\"@type\":\"PropertyValueSpecification\",\"valueRequired\":true,\"valueName\":\"search_term_string\"}}],\"inLanguage\":\"fi\"}]}<\/script>\n<!-- \/ Yoast SEO plugin. -->","yoast_head_json":{"title":"Kuka olen? - Mari Moilanen","robots":{"index":"index","follow":"follow","max-snippet":"max-snippet:-1","max-image-preview":"max-image-preview:large","max-video-preview":"max-video-preview:-1"},"canonical":"https:\/\/marimoilanen.fi\/index.php\/kuka-olen\/","og_locale":"fi_FI","og_type":"article","og_title":"Kuka olen? - Mari Moilanen","og_description":"Ihana tutustua! Olen Mari, erovalmentaja, parisuhdevalmentaja, Suomalaisen eroseminaarin ohjaaja ja tunnelukkoterapeutti Helsingist\u00e4. Olen my\u00f6s kolmen pojan \u00e4iti, joka rakastaa kes\u00e4\u00e4 ja matkustelua ja ker\u00e4ilee uusia kokemuksia. Perheeseemme kuuluu my\u00f6s Thaimaasta &hellip;","og_url":"https:\/\/marimoilanen.fi\/index.php\/kuka-olen\/","og_site_name":"Mari Moilanen","article_modified_time":"2026-04-09T17:03:39+00:00","og_image":[{"width":554,"height":858,"url":"https:\/\/marimoilanen.fi\/wp-content\/uploads\/2026\/04\/Kuka-olen.jpg","type":"image\/jpeg"}],"twitter_card":"summary_large_image","twitter_misc":{"Arvioitu lukuaika":"3 minuuttia"},"schema":{"@context":"https:\/\/schema.org","@graph":[{"@type":"WebPage","@id":"https:\/\/marimoilanen.fi\/index.php\/kuka-olen\/","url":"https:\/\/marimoilanen.fi\/index.php\/kuka-olen\/","name":"Kuka olen? - Mari Moilanen","isPartOf":{"@id":"https:\/\/marimoilanen.fi\/#website"},"primaryImageOfPage":{"@id":"https:\/\/marimoilanen.fi\/index.php\/kuka-olen\/#primaryimage"},"image":{"@id":"https:\/\/marimoilanen.fi\/index.php\/kuka-olen\/#primaryimage"},"thumbnailUrl":"https:\/\/marimoilanen.fi\/wp-content\/uploads\/2026\/04\/Kuka-olen.jpg","datePublished":"2023-11-08T16:27:25+00:00","dateModified":"2026-04-09T17:03:39+00:00","breadcrumb":{"@id":"https:\/\/marimoilanen.fi\/index.php\/kuka-olen\/#breadcrumb"},"inLanguage":"fi","potentialAction":[{"@type":"ReadAction","target":["https:\/\/marimoilanen.fi\/index.php\/kuka-olen\/"]}]},{"@type":"ImageObject","inLanguage":"fi","@id":"https:\/\/marimoilanen.fi\/index.php\/kuka-olen\/#primaryimage","url":"https:\/\/marimoilanen.fi\/wp-content\/uploads\/2026\/04\/Kuka-olen.jpg","contentUrl":"https:\/\/marimoilanen.fi\/wp-content\/uploads\/2026\/04\/Kuka-olen.jpg","width":554,"height":858},{"@type":"BreadcrumbList","@id":"https:\/\/marimoilanen.fi\/index.php\/kuka-olen\/#breadcrumb","itemListElement":[{"@type":"ListItem","position":1,"name":"Etusivu","item":"https:\/\/marimoilanen.fi\/"},{"@type":"ListItem","position":2,"name":"Kuka olen?"}]},{"@type":"WebSite","@id":"https:\/\/marimoilanen.fi\/#website","url":"https:\/\/marimoilanen.fi\/","name":"Mari Moilanen","description":"&Auml;l&auml; j&auml;&auml; erokriisin kanssa yksin.","potentialAction":[{"@type":"SearchAction","target":{"@type":"EntryPoint","urlTemplate":"https:\/\/marimoilanen.fi\/?s={search_term_string}"},"query-input":{"@type":"PropertyValueSpecification","valueRequired":true,"valueName":"search_term_string"}}],"inLanguage":"fi"}]}},"jetpack_sharing_enabled":true,"_links":{"self":[{"href":"https:\/\/marimoilanen.fi\/index.php\/wp-json\/wp\/v2\/pages\/13","targetHints":{"allow":["GET"]}}],"collection":[{"href":"https:\/\/marimoilanen.fi\/index.php\/wp-json\/wp\/v2\/pages"}],"about":[{"href":"https:\/\/marimoilanen.fi\/index.php\/wp-json\/wp\/v2\/types\/page"}],"author":[{"embeddable":true,"href":"https:\/\/marimoilanen.fi\/index.php\/wp-json\/wp\/v2\/users\/1"}],"replies":[{"embeddable":true,"href":"https:\/\/marimoilanen.fi\/index.php\/wp-json\/wp\/v2\/comments?post=13"}],"version-history":[{"count":26,"href":"https:\/\/marimoilanen.fi\/index.php\/wp-json\/wp\/v2\/pages\/13\/revisions"}],"predecessor-version":[{"id":450,"href":"https:\/\/marimoilanen.fi\/index.php\/wp-json\/wp\/v2\/pages\/13\/revisions\/450"}],"wp:attachment":[{"href":"https:\/\/marimoilanen.fi\/index.php\/wp-json\/wp\/v2\/media?parent=13"}],"curies":[{"name":"wp","href":"https:\/\/api.w.org\/{rel}","templated":true}]}}